 Let a(h) = h**2 + 6*h + 3. What is a(f)?
3
Let u(w) be the first derivative of w**3/3 + w**2/2 - 7*w + 905. Suppose 4*i = s + 5, -2*s - 1 - 9 = -5*i. Give u(s).
13
Let z(n) = 7*n - 2 + 178*n**2 - 7*n + 0*n - 3*n - 176*n**2. Suppose 4*y + 4*k = 16, -4*y + 4*k = 2 - 18. Determine z(y).
18
Let p(g) be the second derivative of g**5/20 - g**4/3 - 2*g**3/3 + 3*g**2 + 809*g. Let d = 20 - 15. Give p(d).
11
Let z(a) be the first derivative of a**2/2 + 7*a - 1. Let p(c) = -c + 19. Let r be p(16). Let q be (0 - 69/12) + r/(-12). Calculate z(q).
1
Let v(o) = -o**2 - 4*o - 1. Let s(r) = -r**3 + 7*r**2 + 119*r - 3. Let a be s(-8). Give v(a).
-46
Let m(g) = g**2 - 5*g + 9. Suppose -o - 4*o + 795 = 0. Suppose o*f = 167*f - 40. Determine m(f).
9
Suppose -208*c + 206*c - 4*i = 18, -3*c - 29 = 5*i. Let s(z) = -z**2 - 13*z - 2. Calculate s(c).
-2
Let i(d) be the first derivative of d**2 + d + 26. Suppose -4*b - 4*q - 3 + 11 = 0, -5*b + 10 = -5*q. Calculate i(b).
5
Let z(s) = 173*s + 526. Let h be z(-3). Let w(a) = -a**3 + 9*a**2 - 6*a - 10. Give w(h).
46
Let p(f) be the first derivative of 2 - f + f**3 + 3/2*f**2. Determine p(2).
17
Suppose 0 = 5*g - 4*n + 13, 323 - 344 = -3*n. Let x(l) = l**3 - 3*l**2 - l - 6. What is x(g)?
-9
Let g(y) = 3*y - 9. Let m(h) be the third derivative of 5*h**4/12 - 14*h**3/3 + 15*h**2. Let v(p) = -14*g(p) + 4*m(p). What is v(6)?
2
Let v(h) = -3*h + 43. Let l(w) = w - 17. Let k(q) = 5*l(q) + 2*v(q). Suppose o = 5*c - 13 - 4, -4*c = 4*o + 44. Let d = o + 19. Calculate k(d).
-6
Let h(l) = -l**3 + 8*l**2 + 12*l - 13. Let t be 3 - ((-3)/(-1) + (0 - 3)). Suppose -x = 5*u - 45, t*u = 2*x + x + 27. Give h(u).
14
Let j(k) = -k**2 - 10*k - 12. Let v be j(-6). Let w(b) = b**3 - 11*b**2 - 11*b - 11. Let r be w(v). Let t(l) = -2 - r - 1 - 15*l + 2. Calculate t(-2).
28
Let f(g) = -3*g + 6. Let v be 2/(-6)*(9/(-7) + 19758/(-623)). Determine f(v).
-27
Suppose -27 = -3*o - 2*b, -10 = -o - 23*b + 22*b. Let t(w) = -4*w**2 + 41*w - 10. Give t(o).
81
Let a(z) = 24*z**2 - 2*z + 3. Let q(c) = 27*c**2 - 3*c + 5. Let l(r) = -5*a(r) + 4*q(r). Give l(1).
-9
Let y(g) be the first derivative of -g**2/2 - 16*g + 456. Calculate y(-8).
-8
Suppose 4*a = -5*i - 417, 3*i + 0 = -4*a - 415. Let s = -93 - a. Let k(j) = -j**2 + 11*j + 12. Give k(s).
22
Let z(o) = -o**2 - 13*o - 1. Suppose 3*j + 5*c = -9 - 31, 0 = 3*j - 3*c + 24. What is z(j)?
29
Suppose -10*b = -0 - 30. Let l(c) = c + 27. Let h(q) = -q - 5. Let k(v) = -6*h(v) - l(v). What is k(b)?
18
Let b(w) = w**2 - 22*w + 80. Suppose 2*f = 39*f - 354 + 206. What is b(f)?
8
Let p(f) = -16*f**2 + 9*f - 3. Let a(x) = -8*x**2 + 5*x - 2. Let q(r) = -5*a(r) + 3*p(r). Let y = -697 + 696. What is q(y)?
-9
Let j(w) = -w**2 - w + 3. Let h = 5 - -13. Suppose 0 = 261*i - 255*i - h. What is j(i)?
-9
Let k(q) = -12*q + 2 - 20*q + q**2 + 29*q. Let f(w) be the first derivative of w**4/4 + 6*w**3 - w**2/2 - 14*w + 13. Let x be f(-18). Determine k(x).
6
Let b be (-825)/(-125) + (-2)/(-5). Suppose -a + 4*t + 12 = 1, 5*a = t + 17. Let z(h) = 5 - 3 - 2 - 7*h + h**2 - a. Determine z(b).
-3
Let a(b) = 4*b**3 + 2*b + 0*b**3 - 7*b**3 + b**2 - b. Let k(v) = -v**2 - 1. Let n(r) = -a(r) - k(r). Give n(1).
3
Let x be 7*(-3 + (-207)/(-63)). Let s(y) = 11*y + 15. Give s(x).
37
Let f(q) = -16*q + 96. Let j be f(18). Let l = j + 186. Let h(i) = -i**3 - 7*i**2 - 5*i. Determine h(l).
-6
Let y(r) = 2*r**3 - 2*r**2 + 4*r - 3. Let t = 99 + -97. Let a be y(t). Let k(s) = s**2 - 14*s + 8. Determine k(a).
-5
Let l = 93 + -130. Let w = 32 + l. Let z(b) = -b**2 - 6*b - 11. Calculate z(w).
-6
Let v(n) = -2*n**2 + 35*n - 48. Let w(s) = s**2 - 42*s + 288. Let c be w(34). Calculate v(c).
0
Let g(r) be the second derivative of -r**5/20 + r**4/4 + r**3 + r**2 - 209*r + 2. Calculate g(3).
20
Let s(g) = 2*g**2 - g + 2. Let n be 17 + (-5 - -1)*33/132. Let p be n/20*-1*15/6. Determine s(p).
12
Let v = -9 + 11. Let i(w) = -3*w - 1256 - w**2 + 7*w**3 + w**2 + 1259. Let u(g) = 8*g**3 - 3*g + 3. Let m(z) = 6*i(z) - 5*u(z). What is m(v)?
13
Let n(r) be the first derivative of r**4/4 + 13*r**3/3 - 7*r**2 - 4*r + 1. Suppose -59*g - 47*g + 14 = -107*g. Give n(g).
-4
Let p(t) = t**2 + 9*t - 8. Let d(l) = 5*l**2 + 37*l - 30. Let s(j) = 2*d(j) - 9*p(j). Suppose 5*x = 2*m + 3 + 35, x - 22 = 4*m. Calculate s(x).
6
Let p(h) = h**2 + 8*h - 49. Let x(q) = 36*q + 2364. Let u be x(-66). What is p(u)?
-1
Let c(p) = -p**2 - p + 1. Let m = 38 + 10. Suppose -m*x = -56*x. Determine c(x).
1
Let k(q) = -7*q**2 + 38*q - 54. Let o be k(2). Let j(d) = 2 + 8*d**2 + 4 + 5*d - d**2 + d**3. What is j(o)?
12
Let s(q) = q**2 - 10*q + 5. Let t(o) = 7*o + 3. Suppose -2 = 4*j - 3*l, -10 = -2*j - 3*l - l. Let b be t(j). Calculate s(b).
5
Let l(f) = f**2 + 3*f - 4. Suppose -5*z = x - 6*x - 45, z - 2*x = 11. Let y be -13*1 + 2 + -1. Let d = y + z. Give l(d).
6
Let f = 86 + -92. Let v(d) = 13*d + 23. Let a(t) = -16 + 4 + 3*t - t - 9*t. Let g(k) = -11*a(k) - 6*v(k). Give g(f).
0
Suppose 5*u = 3*u + 6. Let o(j) = 4 - j**2 - 28590*j - 28580*j + 57173*j. Calculate o(u).
4
Suppose 99*k + 61 = -71*k + 231. Let j(q) = 75*q**2 + 2. What is j(k)?
77
Let a(r) = r**3 - 20 - 4*r**2 - 8*r**2 + 22. Let j(n) = n**3 - 11*n**2 + 1. Let o be 3 - (-2 + -2 + 2). Let q(v) = o*j(v) - 4*a(v). Calculate q(7).
-3
Let m be 26/(-6) + (-2)/3. Let u be (-8)/14 + 131/(-7)*m. Let z = 90 - u. Let n(g) = -g**2 - 2*g - 3. What is n(z)?
-6
Let t = 26 - 50. Let d = t + 30. Let k(c) be the first derivative of c**2/2 - 7*c - 45. Give k(d).
-1
Suppose 4*m - 9 - 7 = 0. Suppose 27 = 3*v - 3*l, 0 = m*v + 3*l - 6 + 5. Let z be (-7*6/(-63))/(v/(-18)). Let u(h) = 7*h - 2. What is u(z)?
-23
Let l = 0 - 0. Suppose 0 = -g - 2*t + 5, -3*g + 35 = 3*t - 2*t. Let x(b) = 19*b - b**3 + 16*b - 4 + g*b - 47*b. Determine x(l).
-4
Let q(v) be the third derivative of v**6/90 - v**5/120 + v**4/24 + v**3/3 + 3*v**2 - 8*v. Let z(u) be the second derivative of q(u). What is z(4)?
31
Let b(q) = -q**2 + 18*q + 101. Suppose 9*k - 68*k = 236. Determine b(k).
13
Let y(v) = 34 - 39*v - 217*v**2 + 111*v**2 + 4*v + 107*v**2. Let g be y(1). Let k(p) = -p**3 + p - 14. Calculate k(g).
-14
Let a be ((-20)/(-4) - 14)/(6/76). Let d = a - -117. Let p(i) = -i**2 - 2*i - 2. Determine p(d).
-17
Let r(x) = x**2 - x + 15. Suppose -5*a + 676 = -134. Let m be -6*((-12)/(-10))/(a/(-180)). Suppose 10*w + 8 - m = 0. Give r(w).
15
Let k(y) = -3*y**2 - 27*y - 46. Let h(j) = 2*j**2 + 14*j + 23. Let s(a) = 5*h(a) + 3*k(a). Determine s(13).
3
Let g(x) be the second derivative of 1/3*x**4 + 6*x + 9 + 0*x**2 + 1/6*x**3. What is g(-3)?
33
Let h(b) = -b**3 - 9*b**2 + 3*b + 7. Let v(w) = 2*w**3 + 17*w**2 - 7*w - 14. Let s(i) = 5*h(i) + 3*v(i). Let a = -700 - -268. Let u = 425 + a. Give s(u).
-14
Let p(a) = -a**3 - 6*a**2 + 19*a + 35. Let m be (-3 - -9)/(34/(-24) + 94/141). Give p(m).
11
Let t(a) = a**2 + a. Let d(m) = m**2 - 13*m - 5. Suppose 2*r - 3*h - 3 = 16, 2*r = -h + 31. Let x be d(r). Let g = -10 + x. Determine t(g).
0
Suppose 21*l - 18*l + 21 = 0. Let f(u) = -4*u - 28. Let b be f(l). Let v(n) = -n**2 - n + 3. Determine v(b).
3
Let h(p) = -p**2 - 6*p + 4. Let b be h(-6). Let j(r) = 6*r - 1. Let a(o) = -12*o - o + 4 + 3 - 4. Let v(d) = b*a(d) + 9*j(d). What is v(-5)?
-7
Let f(l) = -70*l**2 - 7*l + 241*l**2 - 172*l**2. Suppose -2*k - 8 = 2*d, 3*k + d - 12 = 4*k. What is f(k)?
-8
Let l = 79 - 53. Let n = l - 30. Let f(d) be the third derivative of d**4/12 + d**3/6 + 24*d**2. Give f(n).
-7
Let j = 152 - 150. Let l(y) = 8*y + 20 - 19 - 6*y - y**j. Suppose -2*i - 2*i = -8. Determine l(i).
1
Let f(j) be the third derivative of j**8/10080 - j**7/720 + j**6/144 - 17*j**5/20 + 17*j**2 - 1. Let h(x) be the third derivative of f(x). Give h(5).
20
Let i(w) = -w**3 - 25*w**2 + 3*w + 65. Let r be i(-25). Let x(c) = -c - 41. What is x(r)?
-31
Let l(y) = -5*y**2 + 2*y - 1. Let p = -417 - -357. Let q be (p/80)/(-3*1/8). Determine l(q).
-17
Let u(a) = -33*a**2 - 3*a + 2. Let d = 7310 + -7309. Calculate u(d).
-34
Let a(x) = -6*x**2 - 35*x + 8. Let l be a(-6). Let s(o) = 1 + o**3 + 2 + 58*o**2 - 49*o**2 + 3*o + l. What is s(-9)?
-22
Let g be 3/9*(-2 - -23). Let u(h) = -22*h**2 + 116*h - 79. Let s(f) = -3*f**2 + 16*f - 11. Let n(z) = -15*s(z) + 2*u(z). Calculate n(g).
0
Suppose 3*h + 56 - 176 = 0. Suppose h + 74 = -